(i) = -2*i + 1. Let h(w) = -3*w + 2. Let f(q) = -3*h(q) + 5*k(q). Let l(t) = -t**2 + 10*t + 8. Let d(y) = -6*f(y) - l(y). Determine d(5).
3
Let m be (48/(-36))/((-2)/12). Let i(q) = q - 71. Let g(t) = -t + 46. Let h(d) = 5*g(d) + 3*i(d). Determine h(m).
1
Let l = 6 + 5. Suppose l = -5*x - 4. Let o(c) = 4*c + 8. Give o(x).
-4
Let q(d) = -18*d - 51. Let p(n) = n**3 + 69*n**2 + 159*n + 1675. Let a be p(-67). Calculate q(a).
-51
Let h(a) = -a**2 + 8*a - 19. Let m = 478 - 470. Calculate h(m).
-19
Let z(w) = 2*w**2 - 2. Suppose 0 = -6*y - 642 + 318. Let v = -52 - y. Calculate z(v).
6
Let k(p) = 4*p + 4*p - 6*p + 5 - 4*p. Let w(c) = 2*c**3 - 36*c**2 - 36*c - 42. Let d be w(19). What is k(d)?
13
Suppose -3*t - 2*y - 3*y - 10 = 0, -4 = -t + 2*y. Suppose 5*z - 3 - 42 = t. Let c(p) = 7 - z - p**2 + 6*p - p. What is c(4)?
2
Let s(r) = r**2 - 9*r + 17. Suppose 486*z - 997*z + 85 = -494*z. Calculate s(z).
-3
Let p(b) be the second derivative of 0*b**4 - 8/3*b**3 - 23/2*b**2 + 19*b + 1/120*b**6 + 0 - 1/60*b**5. Let x(l) be the first derivative of p(l). Give x(0).
-16
Let u(h) = -h**3 + 9*h**2 - 56. Let o be u(8). Let y(d) = -2*d - 1 + 7 + o*d - 2. What is y(-3)?
-14
Let i = -174 + 171. Let v(d) = -d**2 - 10*d + 9. Let w(q) = -q + 3. Let t(k) = v(k) - 4*w(k). What is t(i)?
6
Let u(h) = 5*h**2 + 40*h - 14. Let d(v) be the first derivative of -v**3/3 - 5*v**2 + 3*v + 88. Let q(p) = 9*d(p) + 2*u(p). What is q(10)?
-1
Let j(g) = g**3 + 3*g**2 - 24*g + 24. Suppose 2*y + 17 = -p - 0, 4*p = 2*y - 18. Determine j(p).
-4
Let y be 2 + -3 + 11 + 0. Let k(z) = 34 - z**2 + 6*z - 18 - y. Give k(6).
6
Let d(h) = -h**3 - 3*h**2 + 3*h + 5. Let r be (-2*1 - -1)*-23. Let n be 4/(-10) + (-7)/70*-274. Let g = r - n. Give d(g).
9
Let d(s) = 66069*s + 3*s**2 + 5 - 33024*s - s**2 - 33037*s. What is d(-4)?
5
Let g = 6518 - 6522. Let n(j) = 2*j**2 + 6*j - 2. What is n(g)?
6
Let v be (-6)/(-9) - (75/(-9) + 1). Let d(b) = 0 + v*b**2 + b**3 - 13*b + 4 + 20*b. Let k(a) = a**2 - 11*a + 17. Let f be k(8). What is d(f)?
4
Let m(c) = -c**3 - 7*c**2 + 7*c - 2. Suppose -2*g = y - 65, -2*g + 5*y + 200 = 3*g. Suppose 5*w + 40 = g. Let o be (6 - -2)/(1/w). Give m(o).
6
Let t(r) = r**3 - 13*r**2 - 14*r. Let i be ((-16)/10)/(88/(-770)). Give t(i).
0
Let t(i) = 2*i**2 - 1. Let l(u) = -u**3 + 13*u**2 - 4*u + 44. Let w be l(14). Let v = 206 + w. Determine t(v).
7
Let p(t) = -9*t**2 - 61*t + 8. Let s be p(-7). Let z(v) = -v**3 - 3*v**2 + 6*v + 1. What is z(s)?
73
Let w(p) = -p**2 - 8*p + 6. Suppose 22*x + 744 = -378. Let n = -59 - x. Calculate w(n).
6
Let r = 7 + -13. Let t(m) = 8*m - 23. Let j(k) = 3*k - 8. Suppose b + 16 = 5*b. Let s(i) = b*t(i) - 11*j(i). Calculate s(r).
2
Suppose -12*p = -68 + 8. Let h(y) be the third derivative of y**5/60 + y**3/6 + 8*y**2. Let u(j) = 6*j**2 - 6*j + 10. Let s(g) = p*h(g) - u(g). Give s(4).
3
Let x(r) = -3*r + 4. Suppose -5*m + m = -16. Suppose 4*b + 93 = -3*k, -k - 3*k = -m*b - 72. Let t(o) = o**2 + 19*o - 45. Let q be t(b). Give x(q).
13
Let h(p) = -p**2 - 11*p + 1. Let c(t) = -2*t**2 - 23*t + 3. Let k(n) = 6*c(n) - 13*h(n). Suppose 54*u - 488 = 148*u + 76. Calculate k(u).
11
Let o(r) = r + 1. Let c(t) be the first derivative of t**2 - 1. Let g(d) = c(d) - 3*o(d). Let x(k) = -k**2 + 61*k - 876. Let f be x(23). Calculate g(f).
-1
Let r(j) = 9 + 3*j**2 - 2 - 15*j**2 + 19*j**2 + 2*j - 8*j**2. What is r(5)?
-8
Let r be (-4 + (9 - -5))*7. Suppose 41*j - 42*j = 2*o - 2, -5*j + 5*o = -r. Let b(d) = -d**3 + 11*d**2 - 12*d + 6. Give b(j).
-14
Let n(x) = x**3 + 3*x**2 + x - 2. Let c = 331 + -327. Suppose 0 = -j - 3*y + 12, -5*j + c*y + 10 = 9*y. Calculate n(j).
-5
Let q(g) = -g**3 + g. Let p be q(1). Let k(v) = v + 20 + 51 - 45 - 3*v + v. What is k(p)?
26
Let x(t) = -t**2 + 8*t + 3. Let y be x(8). Let a(o) = -3*o - 8176*o**2 + 8177*o**2 - o**y + 2*o - 8. Give a(0).
-8
Let f = -65 - -71. Suppose 4*g - 80 = -f*g. Let r(z) = -z**2 + 7*z + 7. What is r(g)?
-1
Let x(n) = -n**3 - 12*n**2 + 12*n - 8. Let l be x(-13). Let d(j) = -j. Let r be d(l). Let z(a) = a**2 + 7*a - 1. Determine z(r).
-11
Suppose -4*j + 2*j + 42 = a, -5*a = -3*j + 76. Let z(v) = -67*v + 9 + 22*v + 20*v + j*v. What is z(8)?
-15
Let r = -1284393 + 1284399. Let k(m) be the first derivative of 1 + m - 1/2*m**2. What is k(r)?
-5
Let m(x) = x - 8. Let s be m(12). Suppose 4*n - n - 40 = 5*r, -s*r + 32 = 4*n. Let q be (-6)/(-2) - (-8 + n). Let d(u) = -4*u + 1. Calculate d(q).
-3
Let q = -57 - -64. Let s(x) = -12 + 33 - q + 3*x - 12. Give s(3).
11
Suppose 2 = 3*h - 1. Let c(t) = -2 + h + 7 - t. Suppose -35 = 5*s, -4*s - 341 = k - 163 - 157. Calculate c(k).
-1
Let q = -11984 - -11962. Let u(a) = a**3 + 20*a**2 - 43*a + 46. What is u(q)?
24
Suppose 0 = 7*q - 14 - 14. Suppose 0 = -4*r + q + 4. Let n(g) = -g**r - 7*g + g + 2*g**2. Give n(5).
-5
Suppose -a = 7*z - 8*z - 16, -4*a + 2*z + 70 = 0. Let f(m) = -m**3 + 20*m**2 - 17*m - 36. Determine f(a).
2
Let g(m) = 67*m**3 - 6*m**2 - 6. Let t(j) = -179*j**3 + 17*j**2 - j + 16. Let x(b) = -8*g(b) - 3*t(b). Determine x(4).
28
Suppose 2*g = 5*g - 120. Let l = g - 35. Let k(j) = l*j + 5 - 4*j + 2 - 6. Determine k(0).
1
Let h be 5 + 5/(-5 + 0). Suppose 3*i - 3 = m - 1, h*m = 2*i - 18. Let f(q) be the first derivative of -q**4/4 - 2*q**3 - 2*q**2 - 1. Determine f(m).
-5
Let h be (0*(-20)/(-220))/22. Let r(j) = -3*j - 61. Give r(h).
-61
Let h(q) = q**2 - 17*q + 62. Let p be (55 - 19)/((-27)/(-9)). Calculate h(p).
2
Let d(y) = y**2 - 4*y - 1. Let z be d(5). Let u = -533 - -535. Let q(h) = 2*h + h**3 + 6*h**u - 12*h - 2*h**3 + 2*h + 3*h. Give q(z).
12
Let a(l) = l - 31. Let g = 11681 - 11648. Give a(g).
2
Let d be (-24)/14*(-70)/(-30). Let b(t) = -t**3 - t**2 - 2*t + 10. Give b(d).
66
Suppose r = -f + 39 + 33, 2*f = 2*r + 148. Let q(s) = 7 - f*s + 77*s + 3. Determine q(-4).
-6
Let j = 0 - 2. Let w(v) = 4*v**2 + 34*v + 17. Let n(d) = d**2 + 8*d + 4. Let f = -746 + 737. Let o(u) = f*n(u) + 2*w(u). Calculate o(j).
2
Let w = 3 - 8. Let m(z) be the third derivative of 1/60*z**5 + 21*z**2 + 5/24*z**4 + 0*z + 0 - 1/6*z**3. What is m(w)?
-1
Suppose -5*f - 61 + 16 = 0. Let q(y) = y**2 + 4*y + 6. Let t(n) = 10*n**2 + 48*n + 57. Let k(o) = 9*q(o) - t(o). Determine k(f).
24
Let f be 1/4 - 50/40. Let c(j) = 3*j**2 - 4*j + 9. Let d(n) = n**2 - n + 2. Let a(z) = c(z) - 4*d(z). What is a(f)?
0
Let l(f) = f**3 + 5*f**2 - 23*f + 10. Let j be l(-8). Let o be 1/2*(5 + -1). Let q(i) = i - j*i + o*i + 2*i**2. Calculate q(-1).
1
Let n = -15043 - -15070. Let k(h) = -h**2 + 24*h + 85. Calculate k(n).
4
Suppose -2*x - 102 = -112. Let h(y) = 6*y - 12. Give h(x).
18
Suppose 212*g - 217*g = -1315. Let n = -262 + g. Let k(y) = -17*y**2 + y - 1. Calculate k(n).
-17
Suppose 90 = 10*t - 20. Let s(k) = 2*k + 2 + 1 - 9*k**2 - t + 7. Determine s(1).
-8
Suppose -5*k + 2*m + 9 = -9, 3*k - 22 = 4*m. Let o(r) = 4*r + 12. Let d(j) = 15*j + 38. Let l(q) = -d(q) + 3*o(q). Give l(k).
-8
Let f(a) = 10*a**2 - 330*a + 29. Let n(r) = 18*r**2 - 589*r + 58. Let d(y) = -7*f(y) + 4*n(y). Calculate d(21).
-55
Suppose 15*i + 54*i = -4*i. Let c(k) = k**3 + 4*k**2 - 2*k - 3. Calculate c(i).
-3
Let q = 130 - 126. Suppose n - 31 = -q*n + v, 3*n + 3*v = 15. Let g(t) = -t + 7. Determine g(n).
1
Let r(g) = -g + 22. Let p(k) = -k + 43. Let v(o) = 3*p(o) - 5*r(o). Let y be (-1 + 18/8)/(1776/(-1920) - (-68)/85). Calculate v(y).
-1
Let j(g) = -g + 8. Let f be ((-31)/(2728/55))/(2/(-16)). Determine j(f).
3
Let o(r) = -r**3 - r**2 + r + 11. Suppose 231*k - 365 = 230*k. Let t = k - 365. Determine o(t).
11
Let i = 5 - 8. Let x(l) be the first derivative of -4*l + 31 + 1/2*l**2. What is x(i)?
-7
Let b(z) = 38 - 146*z - 3*z**2 + 36*z + 81*z. Give b(-11).
-6
Let u(t) = 4*t**2 + 5 + 7 + 3*t**2 + 4*t - 6*t**2. Let n(s) = s**2 + 3*s + 11. Let m = 38 + -42. Let v(d) = m*u(d) + 5*n(d). Determine v(0).
7
Suppose -3*b - 4*n - 1176 = b, -2*n = -b - 303. Let w = b - -303. Let y(c) = c**2 + c + 1. Determine y(w).
43
Let s(b) be the second derivative of -b**5/20 + b**4/2 - b**3/2 + 7*b**2/2 + 150*b - 2. Calculate s(4).
27
Let b(l) be the third derivative of l**5/30 + 5*l**4/6 + 49*l**3/6 + 7980*l**2 - l. What is b(-7)?
7
Let c(g) = g**3 + 15*g - 2. Let d(p) = -65*p - 8125. Let o be d(-125). Give c(o).
-2
Let j(l) = -l**2 - 8*l - 1. Let y(g) = 3*g**2 + 61*g + 22.